).
13
Let w(l) = -2*l**2 - 2*l + 4. Suppose k = 6*k + 145. Let v = k - -26. Determine w(v).
-8
Let u = 13 - 11. Suppose 0 = -2*r + 3*n - 6, -8 = -3*r - 2*n - u*n. Let t(y) = -y**2 + 11. Give t(r).
11
Let j(o) = -5*o - 7*o**3 - 11*o**3 + 19*o**3 - 7*o**2 + 2*o**2 - 3. Calculate j(6).
3
Let b(p) = -p**2 - 8*p - 1. Let w be b(-7). Let m be 6/((0 + 4/1)/2). Let j(k) = 2*k + 8*k - 7*k**2 - 4*k + 1 - 2 + k**m. Calculate j(w).
-1
Let n(t) = t**3 - 6*t**2 + t + 3. Let m(o) = 8*o + 4. Let c be m(10). Let s be 480/c - (-2)/7. Calculate n(s).
9
Let d(f) = -3*f**2 + f - 1. Suppose 2*g + 18 = 10. Let o(n) = -n**2. Let a(c) = g*d(c) + 11*o(c). Suppose 12 = -h + 4*h. What is a(h)?
4
Suppose 2*t + 3 = 3*t. Let k(g) = -t*g + 0*g**2 - 1 + g**2 - 2*g**2. Suppose 15*r = 22*r + 137*r + 432. Determine k(r).
-1
Suppose -3*o = 2*o + 40. Let k(n) = -n**2 - 32*n - 7. Let p(z) = -z**2 - 28*z - 6. Let q(c) = 5*k(c) - 6*p(c). Calculate q(o).
1
Let g(t) = t**3 - 8*t**2 + 7*t + 1. Let a(s) = 2*s - 30. Let l be a(18). What is g(l)?
-29
Let b(a) = a**2 - 29*a + 188. Let o be b(19). Let k(p) = -3*p**2 + 4*p + 3. What is k(o)?
-17
Suppose -2*g = -0*g - 80. Suppose 2*x = 10*x + g. Let s(y) = -y**3 - 6*y**2 - 6*y. What is s(x)?
5
Let d(u) = -2*u**3 - u**2 - u + 3. Let l(z) = -z**3 + 1. Let w(p) = -d(p) + 3*l(p). Let h(o) = o - 7. Let j be h(5). Let k be (-6 - (-8)/4)/j. Give w(k).
-2
Suppose 0 = -8*q + 5*q + 9. Let x(d) = -2*d**3 - 3*d**2 + 5*d + 3. Let t(l) = l**3 - l. Let v(i) = -3*t(i) - x(i). Determine v(q).
-9
Let f = -25 - -36. Let y(w) = 3*w - 12. Calculate y(f).
21
Suppose 0 = 3*s - h - 57, -3*h + 57 = 3*s - 0*s. Let p = -23 + s. Let v(q) = 8*q - 13. Let t(i) = 3*i - 4. Let u(c) = p*v(c) + 11*t(c). Calculate u(-8).
0
Let r be (5/5)/(2/(-2)). Let n(k) = -k**2 - 2*k. Let s be n(r). Let c(a) = 2*a**2 + a - 1. What is c(s)?
2
Let w(o) = -4*o**2 - o. Let t(d) = -3*d + 8. Let q be t(6). Let x = 9 + q. Determine w(x).
-3
Let a(r) = -3*r**3 - 5*r**2 + 6*r - 5. Let t be (-6)/15 + (-36)/10. Let x(o) = -2*o**3 - 4*o**2 + 5*o - 4. Let z(v) = t*x(v) + 3*a(v). Give z(1).
-1
Let r = -66 + 73. Let h(y) = -y**3 + 8*y**2 - 6*y + 2. What is h(r)?
9
Let h(m) = -m**3 + 4*m**2 + 6*m - 3. Let s = 122 - 116. Let d be 9/24*4*20/s. Give h(d).
2
Suppose m - 70 = -4*m. Suppose -q + 4*l = -2, 2*q = l - 3*l + m. Let a(v) = -v**3 + 5*v**2 + 5*v. Give a(q).
-6
Suppose 53*h + 12 = 50*h. Let y(j) = 7*j**2 + 13*j + 4. Let r(m) = -13*m**2 - 25*m - 8. Let k(c) = -6*r(c) - 11*y(c). Determine k(h).
-8
Let v(g) = 3*g**3 + 2*g**2 + g - 1. Suppose 0 = -u - 3*u + 3*t + 30, -2*u + 20 = t. Suppose 3*k = u*k + 12. What is v(k)?
-19
Let l(f) = 6*f - 94. Let t be l(16). Let g(h) = 11*h**2 + 2*h + 1. What is g(t)?
49
Let r = -4 + 4. Let s(q) = 3 - q + r*q**2 - q**2 - 8 + 6. Calculate s(-2).
-1
Suppose 21 = j + 2*j. Let k(l) = -l + 6. Let x(h) = -h + 7. Let m(y) = 3*k(y) - 2*x(y). What is m(j)?
-3
Let x(v) be the second derivative of v**4/6 - v**3/2 - 3*v**2 - 3*v - 13. Give x(5).
29
Let s(x) = 0*x**2 + x**3 + 0*x**2. Let d(w) = -w**3 - 24*w**2 - 25*w - 44. Let v be d(-23). Give s(v).
8
Let g(k) be the first derivative of -k**3/3 + 8*k**2 - 6*k + 6. Let h be g(16). Let w(t) = t**2 + 9*t + 6. What is w(h)?
-12
Let k(b) = 2*b + 7 - 3*b - 8 - 2*b. Suppose 4*t = 4*c - 2*c - 26, 3*c - 23 = 2*t. What is k(c)?
-16
Let t(b) = b**2 + 13*b - 11. Let n be 166/(-12) - (-4)/(-24). Give t(n).
3
Let r(t) = -3 + 7 - 6 + 12 + 22*t. Let a be r(5). Let o be 2/(-8) + a/(-32). Let s(h) = -2*h + 3. Give s(o).
11
Let a = 18 + -15. Let l(w) = w**3 + 3 - 8*w**3 + 5*w**a - 2*w**2 + 3*w. Calculate l(-2).
5
Let y(o) be the first derivative of -o**7/840 + o**6/360 + 5*o**4/24 - 4*o**3 - 29. Let k(q) be the third derivative of y(q). Determine k(0).
5
Let k(y) = -y - 3. Suppose -2*f + 8 = 10. Give k(f).
-2
Let z(p) be the first derivative of -p**2/2 - 3*p + 28. Let m(a) = -a - 3. Let x(y) = -5*m(y) + 6*z(y). Give x(-5).
2
Let j(w) = 15 - 4*w**2 + 2*w + w**2 + 5*w + 2*w**2. Let n be j(8). Let s(l) = -2*l + 13. Let v(p) = -10*p + 64. Let r(b) = -14*s(b) + 3*v(b). Determine r(n).
-4
Let y(z) = z + 5. Let p be y(-2). Suppose 5 = p*t - 10. Let x(n) = 2*n**2 - 5*n - 7. Give x(t).
18
Let w(h) = -3*h**2 + 4*h + 7. Let g = 114 - 110. Let i(t) = -2*t**2 + 5*t + 7. Let l(s) = g*i(s) - 3*w(s). Calculate l(-7).
0
Let q(r) = -r + 6. Suppose 0 = 2*n + w + w - 38, -6 = 2*w. Let c(x) = x**2 - 17*x + 20. Let v be c(14). Let g = n + v. Calculate q(g).
6
Let y(h) = h. Let a(v) = v**3 - 6*v**2 + 6*v + 1. Let i(l) = -l**3 + 6*l**2 - 7*l - 2. Let u(b) = 6*a(b) + 5*i(b). Let p be u(6). Calculate y(p).
2
Let s(a) = -a**2 - 3*a - 2. Suppose u + 9 = 4*u. Suppose -4*v + 12 = -3*m, m - 3*m = -5*v + 8. Suppose -w - w + 2 = v, -2*z + u*w = 7. Determine s(z).
0
Suppose -4*q = -c - 4*c + 14, 2*c = -2*q + 2. Let u be 0/(-2 - (-1 - -2)). Let o(h) = 3*h + u*h + 1 - 3*h + c*h. Determine o(1).
3
Let w(m) = 5*m + 10. Suppose 421 + 59 = 60*c. What is w(c)?
50
Suppose 2*a - 1 = s, 2 = a - 1. Let h(c) = 7 - 4*c + 4*c + c**2 - 4*c. Give h(s).
12
Let p(q) be the first derivative of q**4/4 + 10*q**3/3 - 6*q**2 - 21*q - 344. What is p(-11)?
-10
Let q be (30 - 33) + (-3)/((-6)/10). Let y(o) = -2*o**2 + 2*o + 0*o + 1 - o**2. What is y(q)?
-7
Let v = 75 - 71. Let h(d) = 2*d**3 - 8*d**2 - v*d**3 + 3*d**2 - 3*d. What is h(-3)?
18
Let g(b) = -4*b - 18. Let q be g(-5). Suppose -q*r + 3 = -r. Let t(h) = 0*h**2 + 6*h**r + 4*h**2 - 3*h**2 - 1. Determine t(1).
6
Let p be (-18)/(-90)*(3 - -2). Let f(z) = -z**2 + 3*z - 1. What is f(p)?
1
Let k(n) = 7*n**2 + 18*n + 12. Let f(u) = 3*u**2 + 9*u + 6. Let m(l) = 5*f(l) - 2*k(l). Suppose -54 = 13*y - 7*y. Determine m(y).
6
Let q(y) be the second derivative of y**3/6 - 5*y**2/2 - 5*y. Let s = 3 + -1. Let o(j) = 3*j - 2. Let v be o(s). What is q(v)?
-1
Let r = 984 + -989. Let p(s) = s**3 + 5*s**2 - 3*s - 16. Calculate p(r).
-1
Let c(p) be the second derivative of p**6/360 + p**5/40 - 19*p**3/6 + 7*p. Let s(v) be the second derivative of c(v). Give s(-2).
-2
Let k(d) = 11*d - 6*d - 37 + 4*d - 4*d**2 + 3*d**2 + 10*d. Determine k(15).
23
Let z(k) = -3*k + 30. Let y(a) = -a + 10. Let r(c) = 7*y(c) - 2*z(c). What is r(15)?
-5
Let n(k) = 4*k + 1. Let j be n(1). Let b(z) = -11*z + 1. Let p(x) = -5*x. Let q(f) = -6*b(f) + 13*p(f). Calculate q(j).
-1
Let b be 10/4*(-40)/(-25). Let r(i) = -b + 2 - 4 + 25*i + 1. Let f(x) = -13*x + 3. Let l(m) = -7*f(m) - 4*r(m). Determine l(1).
-10
Suppose -4*b + 10 = -2*q - q, 5*b + q - 22 = 0. Let k be (-3)/6*b*-3. Suppose -d - 10 = -k. Let a(w) = -w**2 - 2*w + 5. Calculate a(d).
-3
Let j(m) = -12*m + 14. Let c be j(1). Let a(l) be the first derivative of -3*l**c - l + 1/3*l**3 - 9. Give a(6).
-1
Let v(l) = -l**3 - 3*l**2 + 5*l + 4. Let k(b) be the first derivative of b**3/3 - 3*b + 15. Let w be k(0). Give v(w).
-11
Let w(a) = 4*a**2 + 0*a**2 - 1 - 3*a**2 - 2*a**3. Let n = -10 - -15. Suppose 3*k + n = 2. Determine w(k).
2
Let c(p) = -10*p**2 + p + 1. Let u(q) = 10*q**2 - q - 1. Let g(z) = -6*c(z) - 5*u(z). Calculate g(-1).
10
Let s be 0/1 + (-2 - -17). Let c = 17 - s. Let g(y) = -5*y**2 + c - 7*y + 4*y**2 - 1. What is g(-3)?
13
Let u(n) = 2*n - 1. Suppose 0*l - 3*l + 3*z = -15, 0 = 4*l - 3*z - 19. Suppose 8 + l = 3*g. Determine u(g).
7
Suppose 5*a - 45 = p, 0 = -2*a - 0*a - 5*p + 18. Let x(m) = m - 10. What is x(a)?
-1
Let z(l) = -3*l**3 + 17*l**2 - 9*l + 11. Let v(p) = p**3 - 6*p**2 + 3*p - 4. Let a(x) = -11*v(x) - 4*z(x). Give a(2).
6
Let d(p) be the first derivative of 5/3*p**3 + 1/2*p**2 + p - 7. What is d(-1)?
5
Suppose -3*q - 272 = -278. Let x(y) = 2*y**2 - 6*y + 3. Give x(q).
-1
Let x(q) be the second derivative of q**4/12 + 3*q**3/2 - 13*q**2/2 + 21*q. Suppose 2*c + 58 = -5*t, 0*c + 2*c + 8 = 0. What is x(t)?
-3
Let m be 2/7 + (-880)/140. Let y(x) = x**3 + 6*x**2 + 5*x + 3. Calculate y(m).
-27
Let z(b) = b**2 + b - 2. Let m(a) = -a**3 - 5*a**2 - 3*a - 7. Let i be m(-5). Suppose 4*k + i = -0*o - 3*o, 0 = -2*o + 2*k - 10. Give z(o).
10
Let m(u) = -7*u**2 - 7*u - 5. Let t(k) = 13*k**2 + 13*k + 9. Let w be 198/27*(-6)/(-4). Let z(a) = w*m(a) + 6*t(a). Let x be z(-1). Let o(f) = -9*f. Give o(x).
9
Let a(z) = z**3 - 2*z + 1. Suppose 142 = -6*u + 130. What is a(u)?
-3
Let w be 11/(3/9*-3). Let x(p) = p**3 + 12*p**2 + 11*p + 6. Determine